{"id":152,"date":"2026-07-10T10:49:09","date_gmt":"2026-07-10T10:49:09","guid":{"rendered":"https:\/\/www.lislacom.fr\/?page_id=152"},"modified":"2026-07-10T12:55:35","modified_gmt":"2026-07-10T12:55:35","slug":"mentions-legales","status":"publish","type":"page","link":"https:\/\/www.lislacom.fr\/index.php\/mentions-legales\/","title":{"rendered":"Mentions l\u00e9gales"},"content":{"rendered":"\t\t<div data-elementor-type=\"wp-page\" data-elementor-id=\"152\" class=\"elementor elementor-152\" data-elementor-post-type=\"page\">\n\t\t\t\t<div class=\"elementor-element elementor-element-3f674ec e-flex e-con-boxed e-con e-parent\" data-id=\"3f674ec\" data-element_type=\"container\" data-e-type=\"container\">\n\t\t\t\t\t<div class=\"e-con-inner\">\n\t\t\t\t<div class=\"elementor-element elementor-element-29b9db62 elementor-widget elementor-widget-text-editor\" data-id=\"29b9db62\" data-element_type=\"widget\" data-e-type=\"widget\" data-widget_type=\"text-editor.default\">\n\t\t\t\t\t\t\t\t\t<h1>Mentions l\u00e9gales<\/h1>\n<p><!-- \/wp:heading --><!-- wp:heading --><\/p>\n<h2>\u00c9diteur du site<\/h2>\n<p><!-- \/wp:heading --><!-- wp:paragraph --><\/p>\n<p>Le pr\u00e9sent site est \u00e9dit\u00e9 par :<\/p>\n<p><!-- \/wp:paragraph --><!-- wp:paragraph --><\/p>\n<p><strong>Mangin Fabienne<\/strong><br \/>Entrepreneur individuel<\/p>\n<p><!-- \/wp:paragraph --><!-- wp:paragraph --><\/p>\n<p>Adresse : 6 bis rue du Vieux Collonges 69660 Collonges-au-mont-d&rsquo;or<br \/>T\u00e9l\u00e9phone : + 33 (0)632503036<br \/>E-mail : fabienne@lislacom.fr<\/p>\n<p><!-- \/wp:paragraph --><!-- wp:paragraph --><\/p>\n<p>SIREN : 878 936 970<br \/>SIRET : 7893697000010<br \/>Code APE : [Code APE]<br \/>TVA intracommunautaire : FR73878936970<\/p>\n<p><!-- \/wp:paragraph --><!-- wp:paragraph --><\/p>\n<p>Le directeur de la publication est <strong>Mangin Fabienne<\/strong>.<\/p>\n<p><!-- \/wp:paragraph --><!-- wp:heading --><\/p>\n<h2>H\u00e9bergement<\/h2>\n<p><!-- \/wp:heading --><!-- wp:paragraph --><\/p>\n<p>Le site est h\u00e9berg\u00e9 par :<\/p>\n<p><!-- \/wp:paragraph --><!-- wp:paragraph --><\/p>\n<p><strong>OVH<\/strong><br \/>Adresse : 2 rue kellermann BP 80157 59053 Roubaix cedex 1 &#8211; France<br \/>Site internet : <a href=\"https:\/\/www.ovhcloud.com\/fr\/\">https:\/\/www.ovhcloud.com\/fr\/<\/a><br \/>T\u00e9l\u00e9phone : +33\u00a0 (0)9 72 10 10 07<\/p>\n<p><!-- \/wp:paragraph --><!-- wp:heading --><\/p>\n<h2>Propri\u00e9t\u00e9 intellectuelle<\/h2>\n<p><!-- \/wp:heading --><!-- wp:paragraph --><\/p>\n<p>L&rsquo;ensemble des \u00e9l\u00e9ments pr\u00e9sents sur ce site (textes, images, photographies, illustrations, logos, graphismes, vid\u00e9os, documents t\u00e9l\u00e9chargeables, ic\u00f4nes, ainsi que leur mise en forme) est prot\u00e9g\u00e9 par le Code de la propri\u00e9t\u00e9 intellectuelle.<\/p>\n<p><!-- \/wp:paragraph --><!-- wp:paragraph --><\/p>\n<p>Sauf autorisation \u00e9crite pr\u00e9alable de l&rsquo;\u00e9diteur, toute reproduction, repr\u00e9sentation, modification, publication, adaptation ou exploitation, totale ou partielle, de tout ou partie du site, sur quelque support que ce soit, est interdite.<\/p>\n<p><!-- \/wp:paragraph --><!-- wp:paragraph --><\/p>\n<p>Toute utilisation non autoris\u00e9e est susceptible de constituer une contrefa\u00e7on et d&rsquo;engager la responsabilit\u00e9 civile et p\u00e9nale de son auteur.<\/p>\n<p><!-- \/wp:paragraph --><!-- wp:heading --><\/p>\n<h2>Responsabilit\u00e9<\/h2>\n<p><!-- \/wp:heading --><!-- wp:paragraph --><\/p>\n<p>Les informations publi\u00e9es sur ce site sont fournies \u00e0 titre indicatif et sont r\u00e9guli\u00e8rement mises \u00e0 jour.<\/p>\n<p><!-- \/wp:paragraph --><!-- wp:paragraph --><\/p>\n<p>L&rsquo;\u00e9diteur s&rsquo;efforce d&rsquo;assurer l&rsquo;exactitude des informations diffus\u00e9es, sans toutefois pouvoir garantir l&rsquo;absence d&rsquo;erreurs, d&rsquo;omissions ou d&rsquo;\u00e9ventuelles inexactitudes.<\/p>\n<p><!-- \/wp:paragraph --><!-- wp:paragraph --><\/p>\n<p>L&rsquo;utilisateur demeure seul responsable de l&rsquo;utilisation qu&rsquo;il fait des informations disponibles sur le site.<\/p>\n<p><!-- \/wp:paragraph --><!-- wp:paragraph --><\/p>\n<p>L&rsquo;\u00e9diteur ne pourra \u00eatre tenu responsable des dommages directs ou indirects r\u00e9sultant de l&rsquo;utilisation du site ou de l&rsquo;impossibilit\u00e9 temporaire d&rsquo;y acc\u00e9der.<\/p>\n<p><!-- \/wp:paragraph --><!-- wp:heading --><\/p>\n<h2>Liens hypertextes<\/h2>\n<p><!-- \/wp:heading --><!-- wp:paragraph --><\/p>\n<p>Le site peut contenir des liens vers des sites internet tiers.<\/p>\n<p><!-- \/wp:paragraph --><!-- wp:paragraph --><\/p>\n<p>L&rsquo;\u00e9diteur ne peut \u00eatre tenu responsable du contenu, des informations ou des pratiques de confidentialit\u00e9 mises en \u0153uvre par ces sites externes.<\/p>\n<p><!-- \/wp:paragraph --><!-- wp:heading --><\/p>\n<h2>Donn\u00e9es personnelles<\/h2>\n<p><!-- \/wp:heading --><!-- wp:paragraph --><\/p>\n<p>Les informations recueillies via le formulaire de contact sont trait\u00e9es conform\u00e9ment au R\u00e8glement G\u00e9n\u00e9ral sur la Protection des Donn\u00e9es (RGPD).<\/p>\n<p><!-- \/wp:paragraph --><!-- wp:paragraph --><\/p>\n<p>Pour en savoir plus sur la collecte, le traitement et la protection de vos donn\u00e9es personnelles, consultez notre <strong>Politique de confidentialit\u00e9<\/strong>.<\/p>\n<p><!-- \/wp:paragraph --><!-- wp:heading --><\/p>\n<h2>Cookies<\/h2>\n<p><!-- \/wp:heading --><!-- wp:paragraph --><\/p>\n<p>Le site n&rsquo;utilise pas de cookies destin\u00e9s \u00e0 la mesure d&rsquo;audience ou \u00e0 des fins publicitaires.<\/p>\n<p><!-- \/wp:paragraph --><!-- wp:paragraph --><\/p>\n<p>Seuls les cookies strictement n\u00e9cessaires au fonctionnement technique du site peuvent \u00eatre utilis\u00e9s.<\/p>\n<p><!-- \/wp:paragraph --><!-- wp:heading --><\/p>\n<h2>Droit applicable<\/h2>\n<p><!-- \/wp:heading --><!-- wp:paragraph --><\/p>\n<p>Les pr\u00e9sentes mentions l\u00e9gales sont r\u00e9gies par le droit fran\u00e7ais.<\/p>\n<p><!-- \/wp:paragraph --><!-- wp:paragraph --><\/p>\n<p>Tout litige relatif \u00e0 leur interpr\u00e9tation ou \u00e0 leur ex\u00e9cution rel\u00e8ve de la comp\u00e9tence des juridictions fran\u00e7aises.<\/p>\n<p><!-- \/wp:paragraph --><\/p>\t\t\t\t\t\t\t\t<\/div>\n\t\t\t\t\t<\/div>\n\t\t\t\t<\/div>\n\t\t\t\t<\/div>\n\t\t","protected":false},"excerpt":{"rendered":"<p>Mentions l\u00e9gales \u00c9diteur du site Le pr\u00e9sent site est \u00e9dit\u00e9 par : Mangin FabienneEntrepreneur individuel Adresse : 6 bis rue du Vieux Collonges 69660 Collonges-au-mont-d&rsquo;orT\u00e9l\u00e9phone : + 33 (0)632503036E-mail : fabienne@lislacom.fr SIREN : 878 936 970SIRET : 7893697000010Code APE : [Code APE]TVA intracommunautaire : FR73878936970 Le directeur de la publication est Mangin Fabienne. H\u00e9bergement Le [&hellip;]<\/p>\n","protected":false},"author":1,"featured_media":0,"parent":0,"menu_order":0,"comment_status":"closed","ping_status":"closed","template":"","meta":{"footnotes":""},"class_list":["post-152","page","type-page","status-publish","hentry"],"_links":{"self":[{"href":"https:\/\/www.lislacom.fr\/index.php\/wp-json\/wp\/v2\/pages\/152","targetHints":{"allow":["GET"]}}],"collection":[{"href":"https:\/\/www.lislacom.fr\/index.php\/wp-json\/wp\/v2\/pages"}],"about":[{"href":"https:\/\/www.lislacom.fr\/index.php\/wp-json\/wp\/v2\/types\/page"}],"author":[{"embeddable":true,"href":"https:\/\/www.lislacom.fr\/index.php\/wp-json\/wp\/v2\/users\/1"}],"replies":[{"embeddable":true,"href":"https:\/\/www.lislacom.fr\/index.php\/wp-json\/wp\/v2\/comments?post=152"}],"version-history":[{"count":13,"href":"https:\/\/www.lislacom.fr\/index.php\/wp-json\/wp\/v2\/pages\/152\/revisions"}],"predecessor-version":[{"id":222,"href":"https:\/\/www.lislacom.fr\/index.php\/wp-json\/wp\/v2\/pages\/152\/revisions\/222"}],"wp:attachment":[{"href":"https:\/\/www.lislacom.fr\/index.php\/wp-json\/wp\/v2\/media?parent=152"}],"curies":[{"name":"wp","href":"https:\/\/api.w.org\/{rel}","templated":true}]}}

Mentions légales

<div data-elementor-type="wp-page" data-elementor-id="152" class="elementor elementor-152" data-elementor-post-type="page">
				<div class="elementor-element elementor-element-3f674ec e-flex e-con-boxed e-con e-parent" data-id="3f674ec" data-element_type="container" data-e-type="container">
					<div class="e-con-inner">
				<div class="elementor-element elementor-element-29b9db62 elementor-widget elementor-widget-text-editor" data-id="29b9db62" data-element_type="widget" data-e-type="widget" data-widget_type="text-editor.default">
									<h1>Mentions légales</h1>
<p><!-- /wp:heading --><!-- wp:heading --></p>
<h2>Éditeur du site</h2>
<p><!-- /wp:heading --><!-- wp:paragraph --></p>
<p>Le présent site est édité par :</p>
<p><!-- /wp:paragraph --><!-- wp:paragraph --></p>
<p><strong>Mangin Fabienne</strong><br />Entrepreneur individuel</p>
<p><!-- /wp:paragraph --><!-- wp:paragraph --></p>
<p>Adresse : 6 bis rue du Vieux Collonges 69660 Collonges-au-mont-d&rsquo;or<br />Téléphone : + 33 (0)632503036<br />E-mail : fabienne@lislacom.fr</p>
<p><!-- /wp:paragraph --><!-- wp:paragraph --></p>
<p>SIREN : 878 936 970<br />SIRET : 7893697000010<br />Code APE : [Code APE]<br />TVA intracommunautaire : FR73878936970</p>
<p><!-- /wp:paragraph --><!-- wp:paragraph --></p>
<p>Le directeur de la publication est <strong>Mangin Fabienne</strong>.</p>
<p><!-- /wp:paragraph --><!-- wp:heading --></p>
<h2>Hébergement</h2>
<p><!-- /wp:heading --><!-- wp:paragraph --></p>
<p>Le site est hébergé par :</p>
<p><!-- /wp:paragraph --><!-- wp:paragraph --></p>
<p><strong>OVH</strong><br />Adresse : 2 rue kellermann BP 80157 59053 Roubaix cedex 1 &#8211; France<br />Site internet : <a href="https://www.ovhcloud.com/fr/">https://www.ovhcloud.com/fr/</a><br />Téléphone : +33  (0)9 72 10 10 07</p>
<p><!-- /wp:paragraph --><!-- wp:heading --></p>
<h2>Propriété intellectuelle</h2>
<p><!-- /wp:heading --><!-- wp:paragraph --></p>
<p>L&rsquo;ensemble des éléments présents sur ce site (textes, images, photographies, illustrations, logos, graphismes, vidéos, documents téléchargeables, icônes, ainsi que leur mise en forme) est protégé par le Code de la propriété intellectuelle.</p>
<p><!-- /wp:paragraph --><!-- wp:paragraph --></p>
<p>Sauf autorisation écrite préalable de l&rsquo;éditeur, toute reproduction, représentation, modification, publication, adaptation ou exploitation, totale ou partielle, de tout ou partie du site, sur quelque support que ce soit, est interdite.</p>
<p><!-- /wp:paragraph --><!-- wp:paragraph --></p>
<p>Toute utilisation non autorisée est susceptible de constituer une contrefaçon et d&rsquo;engager la responsabilité civile et pénale de son auteur.</p>
<p><!-- /wp:paragraph --><!-- wp:heading --></p>
<h2>Responsabilité</h2>
<p><!-- /wp:heading --><!-- wp:paragraph --></p>
<p>Les informations publiées sur ce site sont fournies à titre indicatif et sont régulièrement mises à jour.</p>
<p><!-- /wp:paragraph --><!-- wp:paragraph --></p>
<p>L&rsquo;éditeur s&rsquo;efforce d&rsquo;assurer l&rsquo;exactitude des informations diffusées, sans toutefois pouvoir garantir l&rsquo;absence d&rsquo;erreurs, d&rsquo;omissions ou d&rsquo;éventuelles inexactitudes.</p>
<p><!-- /wp:paragraph --><!-- wp:paragraph --></p>
<p>L&rsquo;utilisateur demeure seul responsable de l&rsquo;utilisation qu&rsquo;il fait des informations disponibles sur le site.</p>
<p><!-- /wp:paragraph --><!-- wp:paragraph --></p>
<p>L&rsquo;éditeur ne pourra être tenu responsable des dommages directs ou indirects résultant de l&rsquo;utilisation du site ou de l&rsquo;impossibilité temporaire d&rsquo;y accéder.</p>
<p><!-- /wp:paragraph --><!-- wp:heading --></p>
<h2>Liens hypertextes</h2>
<p><!-- /wp:heading --><!-- wp:paragraph --></p>
<p>Le site peut contenir des liens vers des sites internet tiers.</p>
<p><!-- /wp:paragraph --><!-- wp:paragraph --></p>
<p>L&rsquo;éditeur ne peut être tenu responsable du contenu, des informations ou des pratiques de confidentialité mises en œuvre par ces sites externes.</p>
<p><!-- /wp:paragraph --><!-- wp:heading --></p>
<h2>Données personnelles</h2>
<p><!-- /wp:heading --><!-- wp:paragraph --></p>
<p>Les informations recueillies via le formulaire de contact sont traitées conformément au Règlement Général sur la Protection des Données (RGPD).</p>
<p><!-- /wp:paragraph --><!-- wp:paragraph --></p>
<p>Pour en savoir plus sur la collecte, le traitement et la protection de vos données personnelles, consultez notre <strong>Politique de confidentialité</strong>.</p>
<p><!-- /wp:paragraph --><!-- wp:heading --></p>
<h2>Cookies</h2>
<p><!-- /wp:heading --><!-- wp:paragraph --></p>
<p>Le site n&rsquo;utilise pas de cookies destinés à la mesure d&rsquo;audience ou à des fins publicitaires.</p>
<p><!-- /wp:paragraph --><!-- wp:paragraph --></p>
<p>Seuls les cookies strictement nécessaires au fonctionnement technique du site peuvent être utilisés.</p>
<p><!-- /wp:paragraph --><!-- wp:heading --></p>
<h2>Droit applicable</h2>
<p><!-- /wp:heading --><!-- wp:paragraph --></p>
<p>Les présentes mentions légales sont régies par le droit français.</p>
<p><!-- /wp:paragraph --><!-- wp:paragraph --></p>
<p>Tout litige relatif à leur interprétation ou à leur exécution relève de la compétence des juridictions françaises.</p>
<p><!-- /wp:paragraph --></p>								</div>
					</div>
				</div>
				</div>

<p>Mentions légales Éditeur du site Le présent site est édité par : Mangin FabienneEntrepreneur individuel Adresse : 6 bis rue du Vieux Collonges 69660 Collonges-au-mont-d&rsquo;orTéléphone : + 33 (0)632503036E-mail : fabienne@lislacom.fr SIREN : 878 936 970SIRET : 7893697000010Code APE : [Code APE]TVA intracommunautaire : FR73878936970 Le directeur de la publication est Mangin Fabienne. Hébergement Le [&hellip;]</p>
